 3 = 0, -4*f + 13 = 5*g. Suppose -p = -n + 13, f*p - 4*p + 43 = 4*n. Is 4 a factor of (-204)/(-54) + (-2)/p?
True
Does 23 divide (-10)/3*1008/(-40)?
False
Suppose -3*u + 4*z + 33 = -2*u, 3*u + 4*z - 67 = 0. Suppose -5*c - 5*d = -60, d = -0*c - 2*c + u. Is c a multiple of 12?
False
Let d(v) = v**3 + 5*v + 7*v**2 - 12 + 12. Let u be d(-6). Let i = 1 + u. Does 7 divide i?
True
Let z(k) = -37*k - 5. Is 26 a factor of z(-6)?
False
Let m(g) = -3*g - 1. Let j(l) = l + 1. Let a be j(-4). Does 3 divide m(a)?
False
Let s = -5 + 6. Let m(p) = 3 - 1 + 1 - 2*p - s. Is 3 a factor of m(-2)?
True
Let n(x) = x**2 + x - 10*x**3 + 0*x + 0*x**2 - 11*x**3 + 1. Is n(-1) a multiple of 12?
False
Let m(h) = 2*h**2 - 5*h - 3. Let l = 0 - -7. Is 30 a factor of m(l)?
True
Let f = 35 + -24. Does 11 divide f?
True
Suppose 0 = -2*w + s + 68, 0*s - 3*s + 84 = 3*w. Does 8 divide w?
True
Let q(x) = x**3 + 6*x**2 - 8*x - 6. Let r be q(-7). Let k be 83*-3*r/(-3). Let l = k + -33. Does 17 divide l?
False
Suppose -44 = -2*l - 2*l. Let b be -1*1*(3 - 5). Suppose 0 = b*y + l - 33. Is 11 a factor of y?
True
Let g be 18/(-1) + 1/1. Suppose 5*b + 2*i = 251, -3*i - 159 = -4*b + b. Let w = g + b. Is 12 a factor of w?
False
Let t(r) = -9*r + r**2 + 10 - 4*r + 6*r. Is t(8) a multiple of 10?
False
Let y be (-1 - -3)/((-4)/(-26)). Let p = y + -24. Let m = p + 23. Does 12 divide m?
True
Let a(b) = 4*b + 20. Is a(7) a multiple of 10?
False
Is (-30)/(-4) - (-1)/(-2) a multiple of 7?
True
Suppose 3*b = -6*s + 5*s + 151, 3*b = s - 127. Does 10 divide s?
False
Let y(a) = a**2 - 3*a + 8. Let r be y(9). Suppose 2*x + r = 254. Suppose -k - x = -5*k. Is 12 a factor of k?
True
Let r(c) = 7*c**3 + c**2 - 2*c - 2. Let a be r(-1). Let w(d) = -3*d + 4. Is 17 a factor of w(a)?
False
Suppose -5*k = -11*k + 84. Does 14 divide k?
True
Suppose -h - u - 7 = u, 2*h - 4 = 2*u. Let s be 0/(0 + h) + 3. Let n(y) = 5*y + 1. Does 9 divide n(s)?
False
Suppose 5 = 5*j, -2*l + 4 = -5*l + 4*j. Suppose 2*c + c - 42 = l. Is c a multiple of 6?
False
Suppose 0 = r - 4*r + 162. Does 18 divide r?
True
Suppose u + 0 = -5, h - 167 = u. Is h a multiple of 18?
True
Suppose -l + 6 = -5. Is l - (-2 - -2)*1 a multiple of 11?
True
Suppose 2*w - 5*w + 6 = 0. Suppose -2*t + 10 = 4*z, w*z - 25 + 2 = 5*t. Suppose -5*h = -c + 5*c - 96, -4 = z*c. Is h a multiple of 9?
False
Suppose 0*q - q = 3*a - 11, 5*a - 2*q - 22 = 0. Suppose 0 = -7*f + 2*f - a*m + 47, m + 35 = 3*f. Does 11 divide f?
True
Suppose -5*t + 12 = 5*o + 2, -5*o = t + 14. Is 3 a factor of t?
True
Let r be 48*(0 + (-2)/(-4)). Let w = -7 + r. Is 13 a factor of w?
False
Is -3*1 - 273/(-7) a multiple of 9?
True
Let b be 9/3 + 6/3. Let w = b + 16. Is w a multiple of 21?
True
Let w = -3 + 1. Let d be (-2)/(w - 24/(-9)). Let s(x) = 3*x**2 - 5*x - 4. Is s(d) a multiple of 19?
True
Let d be (-33 + 0)*(-1)/3. Let y = -8 + d. Suppose m + 16 = y*m. Is m a multiple of 5?
False
Let x be 19/((-2)/((-24)/2)). Suppose -60 = -6*l + x. Does 13 divide l?
False
Let a = -56 + 83. Is a a multiple of 9?
True
Let f be -25*-6*(-2)/(-10). Suppose i = -0*i + f. Is i a multiple of 8?
False
Suppose -5*h + w = -195, -3*h + 5*w + 177 = h. Does 4 divide h?
False
Let b = -1 - 1. Suppose k = 5*k - 2192. Does 8 divide k/36 + b/9?
False
Let i be 25 - 0 - 0/(-5). Let d = i - -33. Does 18 divide d?
False
Is 7 a factor of 0 - 3/(-1) - -18?
True
Let u = 10 - 5. Suppose -u*n = -3*z + 26, -4*z + 4*n - 3*n = -63. Let x = 4 + z. Does 7 divide x?
True
Let b be (-2 + 1)/((-2)/10). Suppose -3*w = -o + 18, 3*o - b*w = -w + 39. Is 4 a factor of o?
False
Let k(l) be the first derivative of l**4/4 - 4*l**3 + 4. Let v be k(12). Does 9 divide (-3 + -15)*(v + -1)?
True
Let q = 377 - 217. Does 32 divide q?
True
Suppose 220 = -4*x - 4*c, 4*c + 39 = -x - 19. Let o = x - -101. Suppose 3*v = 4*s - o, 3*s + 2*s - 54 = -v. Does 11 divide s?
True
Let z be 6*(-11 - 1)/(-3). Let c = z - -4. Does 10 divide c?
False
Let t(h) = 4*h**3 + 2*h - 1. Is 9 a factor of t(3)?
False
Let r(p) = 30*p**2 + 2*p + 1. Let k be -2*((-2)/4)/(-1). Is r(k) a multiple of 23?
False
Let m be 6/2 - 4/4. Is 47/m - (-14)/(-28) a multiple of 13?
False
Suppose -3*w + 3 = 3*n, -2*w + 2*n + 5 = -9. Let i(f) = f. Let x be i(w). Suppose 5*q - 120 = -5*p, -x*p - 42 = -q - q. Does 11 divide q?
False
Let q(z) = 2*z**2 + 2*z - 2. Let r(t) = -t - 6. Let a be r(-6). Let g = 2 + a. Does 5 divide q(g)?
True
Let d(q) = 9*q - 1. Let p(z) = z**3 + 7*z**2 - 7*z + 11. Let m be p(-8). Is d(m) a multiple of 13?
True
Suppose g + 2*g - 3*s - 459 = 0, -g = -3*s - 159. Is 50 a factor of g?
True
Let u = 29 - 42. Suppose -2*z + 3*z - 41 = 4*x, 3*z - 137 = 5*x. Let p = u + z. Is 18 a factor of p?
True
Suppose -2*j + 17 = -2*g + 1, -4*j - 2*g = -50. Does 11 divide j?
True
Let a be ((-22)/8)/((-3)/12). Let s be (-102)/12 - (-1)/2. Let g = a + s. Does 2 divide g?
False
Suppose 3*o - 4*i = 258, -215 = -3*o - i + 43. Does 11 divide o?
False
Let w = 131 - 51. Is 16 a factor of w?
True
Suppose 2 = -2*t - 0. Let d = 25 - 101. Is d/(-2) - t - 3 a multiple of 18?
True
Let i be (-12)/18 - 50/6. Does 13 divide 238/18 + 2/i?
True
Let g = 4 - 1. Suppose 0*y - 45 = g*y. Let i = 4 - y. Is 11 a factor of i?
False
Is ((-10)/3)/((-9)/27) a multiple of 2?
True
Let d = -38 - -78. Is 16 a factor of d?
False
Let b(s) = -s**3 - 5*s + 15. Is b(0) a multiple of 15?
True
Let f = 12 - 0. Is 4/f - 28/(-6) a multiple of 5?
True
Is 9/(54/960) - (0 + -1) a multiple of 13?
False
Does 3 divide 12/30 - -33*6/5?
False
Suppose 0 = f + 2, 3*g - 15 - 10 = -4*f. Is (-5 + g)*(-29)/(-3) a multiple of 18?
False
Suppose -2*k + 3*k = 36. Suppose -15 = -3*o + k. Is o a multiple of 11?
False
Suppose 3*k - 35 = 2*k. Is 17 a factor of k?
False
Let l be 20 + -3 + (-4 - -3). Let v be ((-4)/(-6))/(3/9). Suppose -v - l = -2*z. Does 9 divide z?
True
Let w = -36 - -15. Let h = w + 0. Does 9 divide 4/(-14) - 216/h?
False
Suppose c + 3*c = 316. Is 7 a factor of c?
False
Suppose -4*j = v, 2*j = j + 5*v. Is -2 + j + 0 - -17 a multiple of 15?
True
Suppose 14*w = 4*w + 1840. Is 26 a factor of w?
False
Let q(k) = 21*k - 6. Suppose -3*m = 3 - 12. Does 19 divide q(m)?
True
Suppose 0 = -4*b - 0*f + 5*f + 55, -3*f + 115 = 5*b. Does 7 divide b?
False
Let d(s) = -4*s - 10. Is 3 a factor of d(-4)?
True
Suppose 324 = 7*v - v. Does 8 divide v?
False
Suppose 5*c - 273 = -2*c. Is c a multiple of 8?
False
Suppose 2*b + 6*b - 728 = 0. Is b a multiple of 13?
True
Suppose 0 = -5*j, -5*s + 2*j + 585 = 7*j. Does 28 divide s?
False
Suppose 0 = -5*a + 10*a - 10. Suppose 5*y = 2*w - 47 - 15, a*w - 58 = 3*y. Is w a multiple of 10?
False
Suppose -84*p + 80*p = -368. Is p a multiple of 20?
False
Let c = 221 - 142. Is 10 a factor of c?
False
Let o(r) = -3*r - 5. Let f be o(-5). Let w(d) = f*d - 9*d + 4*d + 1. Is 12 a factor of w(6)?
False
Let y be 88/12 + 2/3. Suppose -3*n + 3*v - y*v = 16, 3*v = -2*n - 9. Is 8 a factor of -4 + 2 + n - -20?
False
Suppose 630 = -5*g + 12*g. Does 10 divide g?
True
Let o = 46 - 19. Is 27 a factor of o?
True
Is 16 a factor of 0 + 64 + 6/(-2)?
False
Let g(d) = d**3 + 9*d**2 - 13*d + 11. Does 13 divide g(-10)?
False
Is 12 a factor of (-11 + 13)*(-134)/(-4)?
False
Let o = -1 + 2. Let q = 837 - 592. Is 12 a factor of q/20 - o/4?
True
Let c(j) = 15*j + 17. Let v(f) = -5*f - 6. Let z(q) = 6*c(q) + 17*v(q). Does 10 divide z(6)?
True
Suppose -4*f - 3*z + 106 = 0, -3*f - 4*z + 77 = -3*z. Suppose -w = -5*d + 34 - 6, -5*w = -2*d + f. Is d even?
False
Let v(b) = b**2 - 2*b - 2. Is 10 a factor of v(-6)?
False
Let h be (-114)/(-27) - (-2)/(-9). Suppose -17 = -h*q + 63. Does 20 divide q?
True
Let t = 194 - 47. Let l = t + -93. Is 27 a factor of l?
True
Let g = -62 + 77. Is 6 a factor of g?
False
Let v be ((-10)/(-25))/((-3)/(-345)). Suppose 20 = a - v. Is a a multiple of 22?
True
Let n(f) = -f**2 - 5*f - 3. Does 3 divide n(-2)?
True
Let d = 258 - 87. Suppose -4*x + k + 148 = 0, 4*k - 35 + d = 4*x. Is x a multiple of 19?
True
Let c(f) = -f**3 + 7*f**2 - 6*f. Let b(x) = x**3 + 9*x**2 - 12*x - 14. Let m be b(-10). Let a be c(m). Suppose a = -2*z + z + 6. Is 4 a factor of z?
False
Suppose 5*o = -0*o + 10. Suppose 6 = o*c - 2. Suppose c*s - 2 = 3*s. Is s a multiple of 2?
True
Let q = 190 + 2. Is 12 a factor of q?
True
Let n(l) = -11 - 12 + l**2 + 0*l**2 - 22. Let c be